3?
113
What is the greatest common factor of 708 and 213344?
236
Calculate the greatest common factor of 305 and 277855.
305
What is the highest common factor of 160 and 16220?
20
Calculate the highest common divisor of 171703 and 399.
133
What is the greatest common divisor of 6261 and 75?
3
Calculate the highest common factor of 1868 and 118.
2
Calculate the greatest common factor of 2151 and 6214.
239
Calculate the greatest common divisor of 26348 and 168.
28
What is the greatest common divisor of 198 and 13250457?
99
What is the highest common divisor of 4322967 and 99?
33
Calculate the highest common factor of 605 and 1499685.
55
Calculate the greatest common divisor of 41107 and 5.
1
Calculate the greatest common divisor of 237 and 4262919.
237
Calculate the greatest common factor of 436 and 329398.
218
Calculate the highest common factor of 496310 and 2170.
310
What is the greatest common factor of 17061 and 671?
11
Calculate the greatest common factor of 2567 and 12291.
17
What is the highest common divisor of 11063 and 6475?
37
Calculate the highest common divisor of 233305 and 290.
145
Calculate the highest common factor of 572 and 1313884.
572
Calculate the highest common factor of 45 and 1713105.
45
What is the greatest common factor of 39557 and 63?
7
Calculate the greatest common factor of 95 and 451820.
95
What is the highest common divisor of 296 and 1499906?
74
Calculate the highest common divisor of 72 and 238104.
72
What is the highest common factor of 1770 and 186?
6
Calculate the greatest common factor of 1079 and 77024.
83
What is the highest common factor of 24 and 54996?
12
Calculate the greatest common factor of 79526 and 102.
34
Calculate the highest common divisor of 11892 and 108.
12
What is the highest common divisor of 1972 and 14268?
116
What is the greatest common factor of 49 and 62741?
7
What is the greatest common divisor of 16854 and 7314?
318
Calculate the greatest common factor of 93 and 28416.
3
What is the highest common factor of 3082603 and 331?
331
What is the greatest common factor of 630 and 11214?
126
Calculate the highest common divisor of 11 and 99726.
11
What is the highest common factor of 358 and 142663?
179
What is the greatest common factor of 25120 and 35040?
160
What is the greatest common factor of 60254 and 658?
94
What is the greatest common divisor of 153504 and 3690?
738
What is the highest common divisor of 1526 and 38041?
109
What is the highest common divisor of 359 and 1470464?
359
Calculate the greatest common divisor of 21 and 233303.
7
What is the highest common divisor of 261568 and 4880?
976
Calculate the greatest common divisor of 9 and 4260.
3
Calculate the greatest common factor of 1968522 and 3.
3
Calculate the greatest common divisor of 1200 and 113592.
24
Calculate the highest common factor of 269481 and 129.
129
Calculate the highest common factor of 12896 and 96.
32
What is the greatest common divisor of 2191 and 27857?
313
What is the greatest common divisor of 93 and 41943?
93
Calculate the highest common factor of 36662 and 1518.
46
Calculate the highest common factor of 9352 and 122745.
1169
What is the greatest common factor of 106589 and 161?
7
What is the highest common factor of 19040 and 15904?
224
Calculate the greatest common factor of 438506 and 466.
466
What is the greatest common factor of 341 and 2695?
11
What is the highest common factor of 151480 and 280?
280
What is the highest common divisor of 1054 and 1462?
34
What is the greatest common divisor of 10478 and 42532?
62
Calculate the highest common factor of 2328 and 9408.
24
Calculate the greatest common factor of 167365 and 11.
11
What is the highest common factor of 6897 and 231?
33
What is the greatest common divisor of 34 and 18615?
17
What is the highest common factor of 1624 and 1436776?
232
What is the highest common divisor of 100 and 24550?
50
Calculate the highest common factor of 18650 and 170834.
746
Calculate the greatest common divisor of 4767 and 1593767.
1589
What is the greatest common factor of 4710 and 120?
30
What is the highest common divisor of 184326 and 186?
186
What is the greatest common factor of 665 and 70889?
133
What is the greatest common divisor of 196 and 27734?
98
Calculate the highest common factor of 595 and 14195.
85
Calculate the highest common factor of 93074 and 1883.
269
Calculate the highest common divisor of 499410 and 1116.
558
What is the greatest common factor of 264 and 33?
33
Calculate the greatest common divisor of 16650 and 239427.
333
Calculate the highest common factor of 2156 and 9303.
7
Calculate the greatest common factor of 525733 and 962.
481
Calculate the highest common divisor of 7641 and 26379.
27
What is the highest common divisor of 18 and 163152?
18
What is the greatest common divisor of 14889 and 763?
7
What is the highest common factor of 1730023 and 188?
47
What is the greatest common factor of 45 and 30900?
15
What is the greatest common divisor of 454 and 176606?
454
What is the highest common divisor of 60 and 57?
3
Calculate the highest common divisor of 4 and 48448.
4
Calculate the greatest common divisor of 2063028 and 132.
132
Calculate the highest common factor of 2156 and 1593823.
539
Calculate the highest common divisor of 3950516 and 124.
124
What is the greatest common factor of 3084 and 5712?
12
Calculate the greatest common divisor of 3124254 and 42.
42
Calculate the highest common factor of 488 and 326.
2
What is the greatest common divisor of 13287 and 387?
129
What is the highest common factor of 16444 and 8?
4
What is the highest common factor of 27 and 501660?
27
What is the greatest common factor of 1924 and 1482923?
481
Calculate the greatest common factor of 8154 and 101019.
453
Calculate the highest common factor of 52137 and 81.
27
What is the greatest common divisor of 105 and 6167?
7
What is the highest common factor of 241592 and 303?
101
What is the highest common divisor of 252787 and 20268?
563
What is the highest common factor of 18054 and 510822?
1062
What is the highest common factor of 354852 and 2?
2
Calculate the greatest common factor of 331268 and 49.
7
Calculate the highest common factor of 1560 and 49296.
312
What is the greatest common factor of 14675 and 70?
5
What is the greatest common divisor of 328620 and 60?
60
Calculate the highest common divisor of 4688 and 3936.
16
What is the highest common divisor of 4125 and 5250?
375
Calculate the greatest common divisor of 437 and 4161.
19
Calculate the highest common divisor of 115339 and 7.
7
Calculate the highest common factor of 53603 and 443.
443
Calculate the highest common factor of 2204 and 6844.
116
What is the highest common divisor of 597 and 1044153?
597
Calculate the greatest common divisor of 256 and 115904.
64
Calculate the greatest common factor of 7043013 and 86.
43
What is the greatest common factor of 35981 and 22?
11
What is the highest common divisor of 90 and 53595?
45
What is the greatest common factor of 3345 and 210?
15
Calculate the highest common factor of 888 and 85026.
222
What is the highest common factor of 700 and 58975?
175
Calculate the greatest common factor of 63 and 2129517.
9
What is the highest common divisor of 2040 and 3260?
20
Calculate the highest common divisor of 4030 and 3038.
62
Calculate the greatest common divisor of 30645 and 81.
27
What is the highest common factor of 447 and 101171?
149
Calculate the greatest common factor of 3410 and 69285.
155
What is the highest common factor of 13407 and 2337?
123
What is the highest common factor of 14 and 127428?
14
What is the greatest common divisor of 536840 and 72?
8
Calculate the highest common divisor of 495 and 40315.
55
What is the greatest common factor of 7710 and 54?
6
Calculate the greatest common factor of 3749 and 437.
23
What is the highest common factor of 30 and 41862?
6
What is the highest common factor of 54732 and 372?
12
What is the greatest common factor of 36 and 4123668?
12
What is the greatest common divisor of 66766 and 5054?
266
Calculate the greatest common factor of 519679 and 141.
47
Calculate the highest common divisor of 6 and 1041.
3
Calculate the greatest common divisor of 996 and 159609.
249
Calculate the greatest co